6
Let m(a) = a**3 + 44*a**2 - 1419*a - 60622. Determine m(-35).
68
Let g(o) = -o**2 + 10549*o + 5813845. Give g(-525).
-5
Let h(u) = 45*u**3 + 52018*u**2 - 2340*u - 32332. What is h(-1156)?
36
Let s(l) = -l**3 - 88*l**2 + 4286*l + 664. Calculate s(35).
-1
Let m(k) = -259*k**2 - 57237*k + 476. Calculate m(-221).
34
Let c(u) = 695*u**2 + 151397*u - 24627. Give c(-218).
7
Let l(w) = -6*w**3 - 8*w**2 - 345*w + 3164. What is l(7)?
-1701
Let h(c) = -325*c - 4076. Give h(-13).
149
Let h(q) = -q**3 + 113*q**2 + 77*q + 4136. Determine h(114).
-82
Let r(j) = 21370*j + 341907. Give r(-16).
-13
Let k(l) = 2*l**3 + 359*l**2 - 4160*l - 338. What is k(11)?
3
Let t(u) = -2129*u + 917600. Give t(431).
1
Let h(a) = -139*a + 21974. Determine h(158).
12
Let b(c) = 4*c**2 + 145*c - 109. Give b(-37).
2
Let w(h) = -11*h**2 + 336*h + 3111. Give w(38).
-5
Let u(q) = 2*q**3 + 302*q**2 - 911*q + 1911. Give u(-154).
-91
Let n(r) = r**2 - 417*r - 6043. Calculate n(431).
-9
Let n(i) = 7*i**2 - 621*i - 431. Determine n(89).
-253
Let v(m) = -31132*m - 124532. Determine v(-4).
-4
Let o(a) = -15*a - 4756. What is o(-127)?
-2851
Let l(t) = -t**2 - 15273*t - 776294. Determine l(-51).
28
Let h(w) = -2*w**3 + 55*w**2 - 36*w + 303. What is h(27)?
60
Let v(b) = b**3 - 12*b**2 - 275*b + 531. Determine v(23).
25
Let p(h) = -4*h**3 + 1130*h**2 - 2798*h - 461. Give p(280).
99
Let h(y) = -y**2 - 409*y + 4607. What is h(-420)?
-13
Let d(n) = -3*n**2 - 115*n + 3760. Determine d(21).
22
Let z(j) = -2*j**3 - 20*j**2 - 86*j - 1170. Give z(-11).
18
Let g(l) = 168*l**2 + 294*l - 978. Give g(3).
1416
Let u(y) = 14037*y + 155158. What is u(-11)?
751
Let v(b) = -158*b**3 - b**2 + 483*b - 481. Determine v(1).
-157
Let x(c) = c**2 + 802950*c - 4014773. Calculate x(5).
2
Let s(u) = 38027*u - 3954804. Calculate s(104).
4
Let u(y) = -413*y**2 + 12801*y + 103. Give u(31).
41
Let x(q) = -24*q**2 - 713*q - 22. What is x(-30)?
-232
Let l(w) = 14*w**2 - 19*w + 19. Determine l(3).
88
Let a(d) = 19*d**2 - 199*d - 195. Determine a(-1).
23
Let f(k) = -2*k**2 + 1679*k + 20191. Give f(-12).
-245
Let z(p) = -3776*p**2 + 3640*p + 6. What is z(1)?
-130
Let p(m) = 8351*m - 185061. Determine p(22).
-1339
Let s(u) = -107*u - 3752. Give s(-15).
-2147
Let o(f) = 22*f**3 + 83*f**2 - 94*f + 225. Determine o(-5).
20
Let s(g) = -30*g + 450. Calculate s(11).
120
Let i(o) = o**3 + 21*o**2 + 161*o + 149. Give i(-6).
-277
Let t(u) = -u**2 - 417*u - 14270. Determine t(-373).
2142
Let x(s) = -381*s - 5268. Give x(-12).
-696
Let u(j) = j**3 - 15*j**2 - 23*j + 639. Determine u(11).
-98
Let h(o) = o**3 - 71*o**2 - 85*o - 732. Give h(72).
-1668
Let q(p) = -258*p - 1326. What is q(-5)?
-36
Let c(y) = -y**2 - 13427*y - 535475. Calculate c(-40).
5
Let g(n) = -58*n**2 + 7810*n + 7806. Give g(-1).
-62
Let x(v) = 5*v**2 - 4. Give x(-2).
16
Let d(v) = -4*v**3 - 127*v**2 + 231*v + 6371. What is d(-32)?
3
Let h(l) = -6*l**2 + 1008*l - 2994. Calculate h(3).
-24
Let g(r) = 1857*r + 38700. Calculate g(-21).
-297
Let b(f) = f**3 + 5*f**2 - 21*f + 114. Determine b(3).
123
Let x(k) = -1668*k - 35189. What is x(-21)?
-161
Let h(q) = -2*q**3 - 39*q**2 + 15*q - 65. Give h(-20).
35
Let l(s) = 2*s**3 + 102*s**2 - 367*s - 18703. Give l(-51).
14
Let x(r) = -r**3 - 36*r**2 + 757*r + 15853. Determine x(-45).
13
Let b(u) = -21663*u + 281623. What is b(13)?
4
Let h(s) = -2*s**2 + 67*s + 1265. Give h(53).
-802
Let u(o) = 1307924*o + 23542640. What is u(-18)?
8
Let c(s) = -s**3 - 9*s**2 + 139*s - 2265. Give c(-21).
108
Let z(a) = 557*a - 10036. Calculate z(18).
-10
Let m(h) = -16292*h - 1124141. Calculate m(-69).
7
Let n(q) = -116209*q + 2556596. Give n(22).
-2
Let l(v) = 404*v + 11550. Determine l(-29).
-166
Let p(w) = w**3 - 331*w**2 + 7544*w - 2380631. Determine p(330).
-11
Let s(v) = 15*v**2 + 4741*v - 37964. Calculate s(8).
924
Let d(v) = -117*v - 7256. What is d(-62)?
-2
Let x(r) = -r**2 + 627*r - 6119. Calculate x(10).
51
Let b(i) = -123*i - 4259. Determine b(-23).
-1430
Let v(j) = 3*j**3 - 17*j**2 - 100*j - 243. Determine v(10).
57
Let c(s) = 43580*s + 915134. Calculate c(-21).
-46
Let c(x) = -2*x**2 + 496*x + 2961. Determine c(-6).
-87
Let c(y) = 217633*y - 18063549. Give c(83).
-10
Let k(y) = -2*y**2 - 3998*y + 28058. Calculate k(7).
-26
Let c(a) = 837*a**2 + 55249*a + 456. Give c(-66).
-6
Let m(z) = -140*z + 15643. Give m(108).
523
Let b(p) = p**3 + 126*p**2 - p - 15747. Determine b(-125).
3
Let g(b) = -5237*b + 83182. Calculate g(16).
-610
Let h(m) = -m**3 + 193*m**2 - 4193*m - 1176. What is h(168)?
0
Let h(l) = 5385*l + 495428. Give h(-92).
8
Let a(n) = 8*n**2 + 1493*n + 32331. Give a(-25).
6
Let l(w) = -23545*w + 14291809. Determine l(607).
-6
Let k(v) = 10077*v - 30023. Determine k(3).
208
Let m(j) = 2*j**3 - 236*j**2 + 302*j - 7949. Calculate m(117).
7
Let n(h) = 58*h**3 + 128*h**2 - 122*h - 8. Determine n(1).
56
Let j(y) = -175*y + 4117. Determine j(24).
-83
Let z(j) = j**3 - 109*j**2 + 435*j - 1939. Calculate z(105).
-364
Let q(z) = 5*z**3 - 20*z**2 - 23*z + 93. Calculate q(-5).
-917
Let a(b) = 10*b**2 + 1055*b + 317. Calculate a(-106).
847
Let g(a) = -4*a**2 + 6051*a - 96508. Give g(16).
-716
Let l(i) = 1025*i - 80871. Give l(79).
104
Let t(q) = -82*q + 332. What is t(2)?
168
Let z(p) = -8*p**3 - 504*p**2 + 50. Calculate z(-63).
50
Let h(c) = 7*c**3 + 14*c**2 - 40*c + 80. What is h(4)?
592
Let g(j) = -6*j**2 - 435*j + 63247. What is g(-145)?
172
Let g(t) = 20*t**2 - 4876*t + 3737. What is g(243)?
-151
Let t(x) = 1203*x + 449920. Calculate t(-374).
-2
Let b(v) = 2*v**3 - 36*v**2 + 64*v - 805. Give b(18).
347
Let a(s) = -23397*s + 304155. What is a(13)?
-6
Let z(u) = u**3 + 20*u**2 - 3297*u - 2010. What is z(-68)?
234
Let w(d) = d**3 - 16*d**2 - 150468*d + 2106951. Give w(14).
7
Let x(l) = -l**3 - 41*l**2 + 69*l + 4560. Determine x(-41).
1731
Let h(b) = -540*b + 211686. Determine h(392).
6
Let w(i) = 12441*i + 49564. What is w(-4)?
-200
Let y(l) = -2*l**2 + 4847*l - 388424. Calculate y(83).
99
Let h(k) = -1938*k**2 - 41*k + 9. Give h(-1).
-1888
Let j(s) = s**3 - 29*s**2 - 388*s - 1242. Calculate j(40).
838
Let w(f) = f**3 + 18*f**2 + 127*f + 1718. Determine w(-17).
-152
Let l(u) = -1213*u + 56715. What is l(47)?
-296
Let m(p) = p**3 - 141*p**2 + 971*p + 320. Give m(7).
551
Let r(t) = t**2 - 879*t + 41202. Determine r(50).
-248
Let r(g) = -g**3 - 15*g**2 - 15*g + 914. Give r(6).
68
Let w(f) = 2222*f + 597602. Give w(-269).
-116
Let u(n) = -242*n + 11981. Calculate u(52).
-603
Let v(d) = -1743*d + 9731. Give v(6).
-727
Let y(h) = -214907*h - 859650. Give y(-4).
-22
Let r(q) = -59*q - 3753. Calculate r(-36).
-1629
Let r(s) = 12980*s - 168731. Give r(13).
9
Let v(i) = 2*i**2 + 11145*i + 1319257. What is v(-121)?
-6
Let s(f) = -1142*f - 51389. Calculate s(-45).
1
Let b(v) = -v**3 + 14*v**2 - 107*v + 401. What is b(5)?
91
Let w(s) = 624*s + 367. Give w(0).
367
Let w(c) = c**3 - 71*c**2 - 898*c + 59482. What is w(72)?
10
Let q(z) = z**2 + 403*z + 3922. Give q(-10).
-8
Let v(r) = -462*r**2 - 11529*r + 116. Calculate v(-25).
-409
Let d(t) = 219*t**2 - 2621*t - 65. Give d(12).
19
Let o(r) = -r**3 - 22*r**2 + 1042*r + 20677. Calculate o(-20).
-963
Let x(a) = -21381*a + 21448. Give x(1).
67
Let k(w) = w**3 + 233*w**2 + 591*w + 192957. Calculate k(-234).
-93
Let n(x) = -19*x**2 - 1057*x + 8811. Determine n(-63).
-9
Let o(n) = 933*n**2 - 25*n + 3. What is o(1)?
911
Let o(v) = -13*v**2 + 597*v - 1054. Give o(44).
46
Let z(q) = q**3 - 106*q**2 - 1160*q - 76. What is z(116)?
-76
Let y(f) = -f**3 + 28*f**2 - 22*f + 7. Calculate y(30).
-2453
Let v(g) = -g**3 - 47*g**2 + 3*g + 397. Calculate v(-47).
256
Let q(l) = l**2 - 7*l + 7. Determine q(12).
67
Let t(i) = -819*i**3 + 22*i**2 - 38*i + 16. Calculate t(1).
-819
Let j(f) = -4*f**3 + 55*f**2 - 8*f + 192. Determine j(15).
-1053
Let n(t) = -26*t**3 + 208*t**2 + 11*t - 90. Determine n(8).
-2
Let q(u) = -u**3 + 21*u**2 + 468*u - 203. What is q(35)?
-973
Let d(l) = 2056*l + 28373. What is d(-14)?
-411
Let q(d) = -d**3 - 109*d**2 - 2187*d - 483. Determine q(-26).
271
Let w(c) = -29*c**2 + 373*c - 825. Calculate w(10).
5
Let f(h) = -105*h + 1422. Determine f(14).
-48
Let y(i) = i**3 - 12*i**2 - 739*i - 309. Give y(34).
-3
Let w(c) = 18894*c - 75549. Calculate w(4).
27
Let p(j) = -216*j**2 - 2123*j + 15. What is p(-10